*t - 10881. Give o(4).
343
Let a(s) = 5989*s - 173093. What is a(29)?
588
Let b(i) = -2*i**3 + 27*i**2 + 26*i - 504. Determine b(13).
3
Let f(n) = n + 262. Give f(-166).
96
Let y(o) = -115*o**2 - 7019*o - 262. What is y(-61)?
-18
Let q(r) = 242*r - 10248. Calculate q(42).
-84
Let a(y) = -61*y**3 + y**2 - 40*y + 497. Calculate a(0).
497
Let g(z) = -z**3 - 73*z**2 + 1437*z - 30. Give g(16).
178
Let s(l) = 75432*l - 1131471. Determine s(15).
9
Let v(r) = -15201*r + 197619. Calculate v(13).
6
Let i(l) = l**3 - 81*l**2 - 26*l - 4588. What is i(82)?
4
Let v(f) = -12088*f + 48356. Calculate v(4).
4
Let p(x) = -271*x - 2676. Determine p(-18).
2202
Let k(o) = 514511*o - 2058043. Give k(4).
1
Let x(d) = -24*d**2 + 24101*d + 24126. What is x(-1)?
1
Let n(c) = 4*c**3 - 72*c**2 - 6*c - 15. Determine n(0).
-15
Let l(v) = -v**3 + 53*v**2 - 1671*v + 62147. Give l(46).
93
Let i(h) = 392*h + 54383. What is i(-139)?
-105
Let w(l) = -l**3 - 434*l**2 - 5033*l + 13093. What is w(-422)?
11
Let y(s) = 25*s**2 + 186*s + 251. What is y(-6)?
35
Let d(r) = -14*r**2 - 640*r - 1685. What is d(-43)?
-51
Let t(c) = c**3 - 106*c**2 - 1899*c - 6521. What is t(122)?
-55
Let q(l) = -34415*l - 344334. What is q(-10)?
-184
Let z(k) = 3360*k**2 + 97430*k - 289. What is z(-29)?
1
Let b(k) = 5*k**3 + 668*k**2 - 265*k + 412. Calculate b(-134).
10
Let b(q) = -63*q**2 + 30*q - 18. Calculate b(1).
-51
Let d(z) = -203*z**3 - z**2 - 241*z - 240. Give d(-1).
203
Let g(x) = -1399*x + 6969. Give g(6).
-1425
Let p(h) = 5*h**3 - 1111*h**2 - 1863*h + 216537. Give p(223).
4
Let k(a) = 15*a**3 + 9*a**2 - 55*a + 6. Determine k(-4).
-590
Let x(w) = -3857*w - 15024. Determine x(-4).
404
Let g(u) = -2308*u**3 + 82*u**2 + 74*u - 4. Give g(-1).
2312
Let i(t) = t**3 - 165*t**2 + 174*t - 28871. Give i(165).
-161
Let o(m) = 2184*m - 1895700. Calculate o(868).
12
Let l(w) = w**3 + 110*w**2 - 6192*w - 198. What is l(-151)?
-47
Let v(r) = -2*r**2 - 208*r - 2368. Give v(-89).
302
Let o(v) = -1173*v**2 - 29013*v + 7801. Determine o(-25).
1
Let x(w) = -35*w**2 + 111*w + 51. Give x(6).
-543
Let m(w) = 5*w**2 + 457*w + 1185. Determine m(-88).
-311
Let y(o) = -28079*o - 926575. Give y(-33).
32
Let h(d) = 51*d**2 - 189*d + 7. What is h(-6)?
2977
Let i(c) = -204*c - 10931. Determine i(-52).
-323
Let u(n) = -3*n**2 + 3271*n + 132197. Calculate u(-39).
65
Let c(o) = o**3 - 90*o**2 + 1297*o - 11. Give c(72).
61
Let z(n) = -n**3 - 10*n**2 + 245*n + 1958. Determine z(-8).
-130
Let x(t) = -865*t - 102045. Determine x(-118).
25
Let r(l) = -399634*l + 1598532. Give r(4).
-4
Let t(m) = 84*m**2 + 2679*m - 405. Give t(-32).
-117
Let s(m) = -11*m**3 - 82*m**2 - 95*m + 16. Give s(-7).
436
Let m(a) = -2375*a - 546250. Give m(-230).
0
Let t(l) = 54944*l - 54909. Calculate t(1).
35
Let z(k) = -1699*k + 4198. Determine z(3).
-899
Let q(t) = -50136*t - 1253361. Calculate q(-25).
39
Let a(c) = 14*c**2 + 774*c + 10110. Determine a(-34).
-22
Let z(s) = 3*s**2 - 248*s - 5092. Give z(-17).
-9
Let c(i) = -i**3 + 312*i**2 + 1912*i - 1293. Give c(318).
-21
Let h(j) = j**3 - 12*j**2 - 67*j - 7. Determine h(-4).
5
Let u(i) = -135288*i - 135281. What is u(-1)?
7
Let q(j) = -19231*j - 19201. Give q(-1).
30
Let z(a) = 26*a**2 + 3634*a - 901. Calculate z(-140).
-61
Let o(z) = z**3 + 16*z**2 - 15*z - 251. Calculate o(-14).
351
Let o(a) = 1101*a**2 + 223470*a - 6693. Give o(-203).
6
Let q(a) = -7*a**3 + 212*a**2 - 71*a + 220. Determine q(30).
-110
Let i(z) = -z**3 + 104*z**2 - 995*z - 538. Determine i(93).
2066
Let a(w) = 42*w**2 - 992*w + 1816. Determine a(2).
0
Let k(p) = -8*p**2 - 1246*p - 15570. Give k(-142).
50
Let y(o) = -o**3 - 12*o**2 - 127*o - 873. Give y(-14).
1297
Let k(h) = 13058*h + 182725. Give k(-14).
-87
Let v(y) = -y**2 + 8986*y + 53959. Give v(-6).
7
Let g(u) = 315*u**2 - 13231*u + 3. Calculate g(42).
-39
Let p(w) = 282*w**2 - 55835*w - 183. Determine p(198).
15
Let p(a) = a**3 + 21*a**2 + 277*a + 7435. Calculate p(-23).
6
Let m(d) = -d**3 - 199*d**2 - 592*d - 707. Determine m(-196).
77
Let f(p) = -688*p**3 + 2*p**2 - 10*p + 10. Determine f(1).
-686
Let d(m) = 17271*m + 449502. Determine d(-26).
456
Let z(g) = 463393*g + 2780360. Determine z(-6).
2
Let g(b) = -1519*b - 997989. Give g(-657).
-6
Let i(s) = 96*s - 1539. Determine i(15).
-99
Let i(t) = 127796*t - 383402. Determine i(3).
-14
Let x(p) = -116*p - 1802. What is x(-13)?
-294
Let d(m) = 75*m + 7855. Calculate d(-111).
-470
Let s(a) = 13*a**2 - 6888*a + 47588. What is s(7)?
9
Let g(y) = y**3 + 41*y**2 - 702*y + 24. Give g(14).
976
Let x(j) = j**3 - 77*j**2 - 777*j - 408. Determine x(86).
-666
Let z(h) = -h**2 - 208*h - 9063. Determine z(-63).
72
Let r(k) = -k**2 - 1943*k + 528779. Give r(242).
9
Let r(a) = -5*a**2 + 41*a + 121. Calculate r(16).
-503
Let v(p) = -67533*p + 202590. Give v(3).
-9
Let c(y) = -508*y**2 - 43778*y - 7724. What is c(-86)?
16
Let u(d) = d**2 + 4450*d + 224179. What is u(-51)?
-170
Let u(d) = 722*d + 32322. What is u(-45)?
-168
Let m(i) = -7*i**3 - 670*i**2 - 1757*i + 971. What is m(-93)?
41
Let h(u) = -1139*u - 1154. Give h(-1).
-15
Let p(z) = -19269*z - 3950151. What is p(-205)?
-6
Let t(q) = -3*q**3 + 32*q**2 + 18*q + 61. What is t(11)?
138
Let y(s) = -115*s**3 + 5*s**2 + 185*s - 396. Determine y(2).
-926
Let y(j) = -18*j**3 - 244*j**2 + 490*j + 8. Give y(2).
-132
Let k(i) = i**2 + 548*i - 80939. Determine k(121).
10
Let q(a) = -47134*a + 518088. Calculate q(11).
-386
Let n(b) = -240*b - 23928. Give n(-99).
-168
Let n(m) = -m**2 - 57299*m + 11211339. What is n(195)?
9
Let r(b) = 20*b**2 - 136*b - 90. Calculate r(10).
550
Let d(z) = 1883*z - 13280. Calculate d(7).
-99
Let q(w) = 79*w**3 - 66044*w**2 + 7*w - 5807. Determine q(836).
45
Let a(u) = 66*u**2 + 66*u + 197. Give a(-3).
593
Let s(t) = 7*t**2 + 9165*t + 54992. Calculate s(-6).
254
Let q(k) = -8*k**2 - 313*k + 11144. Determine q(23).
-287
Let o(w) = w**2 - 348*w + 4805. Give o(14).
129
Let v(h) = 10942*h - 32826. Calculate v(3).
0
Let o(s) = 28*s**2 + 13*s - 263. What is o(9)?
2122
Let a(g) = 51*g**2 - 431*g + 2031. What is a(5)?
1151
Let f(h) = -h**2 - 159*h - 4740. Give f(-38).
-142
Let m(g) = 948*g - 24561. What is m(26)?
87
Let p(m) = 15*m**2 + 1903*m + 5250. Give p(-125).
1750
Let o(y) = -3589*y + 4579632. Calculate o(1276).
68
Let f(z) = -18*z**3 - 144*z**2 - 6*z - 57. Give f(-8).
-9
Let b(h) = 64*h**3 + 1084*h**2 - 100*h - 553. What is b(-17)?
-9
Let t(f) = 4*f**3 + 219*f**2 + 171*f - 185. Calculate t(-54).
-671
Let u(d) = 345*d - 71436. What is u(207)?
-21
Let t(d) = 69*d - 29924. Determine t(434).
22
Let m(z) = -4950*z + 499947. Determine m(101).
-3
Let c(l) = 153818*l + 615263. Determine c(-4).
-9
Let c(q) = 2624*q + 630103. Give c(-240).
343
Let b(r) = 357912*r + 32927892. Calculate b(-92).
-12
Let v(d) = 20*d**2 + 3224*d + 590. Determine v(-161).
-54
Let q(i) = 4*i**2 + 32*i + 113. Give q(-8).
113
Let n(a) = -6393*a + 306877. Give n(48).
13
Let g(d) = -5590*d + 61483. Give g(11).
-7
Let x(w) = 1129*w**2 - 11104*w + 8483. Determine x(9).
-4
Let o(v) = 4*v**3 - 37*v**2 - 812*v + 6140. Calculate o(7).
15
Let j(z) = z**2 + 101*z - 282. Calculate j(11).
950
Let w(t) = -1027*t + 67804. Calculate w(66).
22
Let a(g) = -498*g**3 + g**2 + 251*g + 249. Determine a(-1).
497
Let r(z) = z**3 + 58*z**2 + 309*z + 2333. Determine r(-53).
1
Let m(o) = 98*o**2 + 9405*o - 267. Calculate m(-96).
21
Let l(z) = 57*z**2 + 399*z + 145. Determine l(-6).
-197
Let h(q) = q**3 + 25*q**2 + 64*q - 25. Calculate h(-22).
19
Let z(h) = -3443*h + 633522. Calculate z(184).
10
Let j(n) = -7*n**2 + 2222*n - 51175. Determine j(25).
0
Let k(r) = -2276072*r + 2276080. Calculate k(1).
8
Let w(l) = -2*l**3 - 651*l**2 + 973*l - 2590. Determine w(-327).
26
Let b(j) = 1190*j + 23859. Give b(-20).
59
Let a(g) = 232*g - 8390. What is a(27)?
-2126
Let b(h) = -41002*h - 656008. Give b(-16).
24
Let o(k) = 579*k + 96499. Calculate o(-167).
-194
Let z(x) = -587*x**2 + 551*x + 48. Determine z(1).
12
Let y(t) = -39604*t - 871284. What is y(-22)?
4
Let j(w) = -18285*w + 22. What is j(0)?
22
Let x(q) = 807*q**2 - 57296*q - 88. Calculate x(71).
-17
Let s(g) = 14*g**2 + 1534*g + 2555. Calculate s(-109).
1683
Let p(w) = -3959*w - 161167. Give p(-41).
1152
Let q(b) = 90192*b + 20112820. Calculate q(-223).
4
Let v(l) = -l**3 + 163*l**2 + 49